{"id":8730,"date":"2024-03-26T16:49:04","date_gmt":"2024-03-26T16:49:04","guid":{"rendered":"https:\/\/gaspar.com.pt\/produto\/balizas-cilindricas\/"},"modified":"2024-03-26T17:13:40","modified_gmt":"2024-03-26T17:13:40","slug":"balizas-cilindricas","status":"publish","type":"product","link":"https:\/\/gaspar.com.pt\/en\/produto\/balizas-cilindricas\/","title":{"rendered":"Balizas cil\u00edndricas"},"content":{"rendered":"<p>Balizas cil\u00edndricas<\/p>\n<p>Balizas cil\u00edndricas com 20cm de di\u00e2metro, com faixas reflectoras em tela H.I.P. 3M, com 60cm de altura.<\/p>\n<p>&nbsp;<\/p>\n","protected":false},"excerpt":{"rendered":"<p>Balizas cil\u00edndricas<\/p>\n<p>Balizas cil\u00edndricas com 20cm de di\u00e2metro, com faixas reflectoras em tela H.I.P. 3M, com 60cm de altura.<\/p>\n","protected":false},"featured_media":6596,"comment_status":"open","ping_status":"closed","template":"","meta":{"_acf_changed":false,"inline_featured_image":false},"product_brand":[],"product_cat":[549,548],"product_tag":[],"class_list":{"0":"post-8730","1":"product","2":"type-product","3":"status-publish","4":"has-post-thumbnail","6":"product_cat-balizagem-e-demarcacao","7":"product_cat-equipamentos-de-guiamento","9":"first","10":"instock","11":"shipping-taxable","12":"product-type-simple"},"acf":[],"yoast_head":"<!-- This site is optimized with the Yoast SEO plugin v27.5 - https:\/\/yoast.com\/product\/yoast-seo-wordpress\/ -->\n<title>Balizas cil\u00edndricas - Gaspar<\/title>\n<meta name=\"robots\" content=\"index, follow, max-snippet:-1, max-image-preview:large, max-video-preview:-1\" \/>\n<link rel=\"canonical\" href=\"https:\/\/gaspar.com.pt\/en\/produto\/balizas-cilindricas\/\" \/>\n<meta property=\"og:locale\" content=\"en_US\" \/>\n<meta property=\"og:type\" content=\"article\" \/>\n<meta property=\"og:title\" content=\"Balizas cil\u00edndricas - Gaspar\" \/>\n<meta property=\"og:description\" content=\"Balizas cil\u00edndricas  Balizas cil\u00edndricas com 20cm de di\u00e2metro, com faixas reflectoras em tela H.I.P. 3M, com 60cm de altura.\" \/>\n<meta property=\"og:url\" content=\"https:\/\/gaspar.com.pt\/en\/produto\/balizas-cilindricas\/\" \/>\n<meta property=\"og:site_name\" content=\"Gaspar\" \/>\n<meta property=\"article:modified_time\" content=\"2024-03-26T17:13:40+00:00\" \/>\n<meta name=\"twitter:card\" content=\"summary_large_image\" \/>\n<script type=\"application\/ld+json\" class=\"yoast-schema-graph\">{\"@context\":\"https:\\\/\\\/schema.org\",\"@graph\":[{\"@type\":\"WebPage\",\"@id\":\"https:\\\/\\\/gaspar.com.pt\\\/en\\\/produto\\\/balizas-cilindricas\\\/\",\"url\":\"https:\\\/\\\/gaspar.com.pt\\\/en\\\/produto\\\/balizas-cilindricas\\\/\",\"name\":\"Balizas cil\u00edndricas - Gaspar\",\"isPartOf\":{\"@id\":\"https:\\\/\\\/gaspar.com.pt\\\/en\\\/#website\"},\"primaryImageOfPage\":{\"@id\":\"https:\\\/\\\/gaspar.com.pt\\\/en\\\/produto\\\/balizas-cilindricas\\\/#primaryimage\"},\"image\":{\"@id\":\"https:\\\/\\\/gaspar.com.pt\\\/en\\\/produto\\\/balizas-cilindricas\\\/#primaryimage\"},\"thumbnailUrl\":\"https:\\\/\\\/gaspar.com.pt\\\/wp-content\\\/uploads\\\/2023\\\/11\\\/Balizas.jpg\",\"datePublished\":\"2024-03-26T16:49:04+00:00\",\"dateModified\":\"2024-03-26T17:13:40+00:00\",\"breadcrumb\":{\"@id\":\"https:\\\/\\\/gaspar.com.pt\\\/en\\\/produto\\\/balizas-cilindricas\\\/#breadcrumb\"},\"inLanguage\":\"en-US\",\"potentialAction\":[{\"@type\":\"ReadAction\",\"target\":[\"https:\\\/\\\/gaspar.com.pt\\\/en\\\/produto\\\/balizas-cilindricas\\\/\"]}]},{\"@type\":\"ImageObject\",\"inLanguage\":\"en-US\",\"@id\":\"https:\\\/\\\/gaspar.com.pt\\\/en\\\/produto\\\/balizas-cilindricas\\\/#primaryimage\",\"url\":\"https:\\\/\\\/gaspar.com.pt\\\/wp-content\\\/uploads\\\/2023\\\/11\\\/Balizas.jpg\",\"contentUrl\":\"https:\\\/\\\/gaspar.com.pt\\\/wp-content\\\/uploads\\\/2023\\\/11\\\/Balizas.jpg\",\"width\":280,\"height\":290},{\"@type\":\"BreadcrumbList\",\"@id\":\"https:\\\/\\\/gaspar.com.pt\\\/en\\\/produto\\\/balizas-cilindricas\\\/#breadcrumb\",\"itemListElement\":[{\"@type\":\"ListItem\",\"position\":1,\"name\":\"In\u00edcio\",\"item\":\"https:\\\/\\\/gaspar.com.pt\\\/en\\\/\"},{\"@type\":\"ListItem\",\"position\":2,\"name\":\"Shop\",\"item\":\"https:\\\/\\\/gaspar.com.pt\\\/shop\\\/\"},{\"@type\":\"ListItem\",\"position\":3,\"name\":\"Balizas cil\u00edndricas\"}]},{\"@type\":\"WebSite\",\"@id\":\"https:\\\/\\\/gaspar.com.pt\\\/en\\\/#website\",\"url\":\"https:\\\/\\\/gaspar.com.pt\\\/en\\\/\",\"name\":\"Gaspar\",\"description\":\"Cities moving forward\",\"potentialAction\":[{\"@type\":\"SearchAction\",\"target\":{\"@type\":\"EntryPoint\",\"urlTemplate\":\"https:\\\/\\\/gaspar.com.pt\\\/en\\\/?s={search_term_string}\"},\"query-input\":{\"@type\":\"PropertyValueSpecification\",\"valueRequired\":true,\"valueName\":\"search_term_string\"}}],\"inLanguage\":\"en-US\"}]}<\/script>\n<!-- \/ Yoast SEO plugin. -->","yoast_head_json":{"title":"Balizas cil\u00edndricas - Gaspar","robots":{"index":"index","follow":"follow","max-snippet":"max-snippet:-1","max-image-preview":"max-image-preview:large","max-video-preview":"max-video-preview:-1"},"canonical":"https:\/\/gaspar.com.pt\/en\/produto\/balizas-cilindricas\/","og_locale":"en_US","og_type":"article","og_title":"Balizas cil\u00edndricas - Gaspar","og_description":"Balizas cil\u00edndricas  Balizas cil\u00edndricas com 20cm de di\u00e2metro, com faixas reflectoras em tela H.I.P. 3M, com 60cm de altura.","og_url":"https:\/\/gaspar.com.pt\/en\/produto\/balizas-cilindricas\/","og_site_name":"Gaspar","article_modified_time":"2024-03-26T17:13:40+00:00","twitter_card":"summary_large_image","schema":{"@context":"https:\/\/schema.org","@graph":[{"@type":"WebPage","@id":"https:\/\/gaspar.com.pt\/en\/produto\/balizas-cilindricas\/","url":"https:\/\/gaspar.com.pt\/en\/produto\/balizas-cilindricas\/","name":"Balizas cil\u00edndricas - Gaspar","isPartOf":{"@id":"https:\/\/gaspar.com.pt\/en\/#website"},"primaryImageOfPage":{"@id":"https:\/\/gaspar.com.pt\/en\/produto\/balizas-cilindricas\/#primaryimage"},"image":{"@id":"https:\/\/gaspar.com.pt\/en\/produto\/balizas-cilindricas\/#primaryimage"},"thumbnailUrl":"https:\/\/gaspar.com.pt\/wp-content\/uploads\/2023\/11\/Balizas.jpg","datePublished":"2024-03-26T16:49:04+00:00","dateModified":"2024-03-26T17:13:40+00:00","breadcrumb":{"@id":"https:\/\/gaspar.com.pt\/en\/produto\/balizas-cilindricas\/#breadcrumb"},"inLanguage":"en-US","potentialAction":[{"@type":"ReadAction","target":["https:\/\/gaspar.com.pt\/en\/produto\/balizas-cilindricas\/"]}]},{"@type":"ImageObject","inLanguage":"en-US","@id":"https:\/\/gaspar.com.pt\/en\/produto\/balizas-cilindricas\/#primaryimage","url":"https:\/\/gaspar.com.pt\/wp-content\/uploads\/2023\/11\/Balizas.jpg","contentUrl":"https:\/\/gaspar.com.pt\/wp-content\/uploads\/2023\/11\/Balizas.jpg","width":280,"height":290},{"@type":"BreadcrumbList","@id":"https:\/\/gaspar.com.pt\/en\/produto\/balizas-cilindricas\/#breadcrumb","itemListElement":[{"@type":"ListItem","position":1,"name":"In\u00edcio","item":"https:\/\/gaspar.com.pt\/en\/"},{"@type":"ListItem","position":2,"name":"Shop","item":"https:\/\/gaspar.com.pt\/shop\/"},{"@type":"ListItem","position":3,"name":"Balizas cil\u00edndricas"}]},{"@type":"WebSite","@id":"https:\/\/gaspar.com.pt\/en\/#website","url":"https:\/\/gaspar.com.pt\/en\/","name":"Gaspar","description":"Cities moving forward","potentialAction":[{"@type":"SearchAction","target":{"@type":"EntryPoint","urlTemplate":"https:\/\/gaspar.com.pt\/en\/?s={search_term_string}"},"query-input":{"@type":"PropertyValueSpecification","valueRequired":true,"valueName":"search_term_string"}}],"inLanguage":"en-US"}]}},"_links":{"self":[{"href":"https:\/\/gaspar.com.pt\/en\/wp-json\/wp\/v2\/product\/8730","targetHints":{"allow":["GET"]}}],"collection":[{"href":"https:\/\/gaspar.com.pt\/en\/wp-json\/wp\/v2\/product"}],"about":[{"href":"https:\/\/gaspar.com.pt\/en\/wp-json\/wp\/v2\/types\/product"}],"replies":[{"embeddable":true,"href":"https:\/\/gaspar.com.pt\/en\/wp-json\/wp\/v2\/comments?post=8730"}],"wp:featuredmedia":[{"embeddable":true,"href":"https:\/\/gaspar.com.pt\/en\/wp-json\/wp\/v2\/media\/6596"}],"wp:attachment":[{"href":"https:\/\/gaspar.com.pt\/en\/wp-json\/wp\/v2\/media?parent=8730"}],"wp:term":[{"taxonomy":"product_brand","embeddable":true,"href":"https:\/\/gaspar.com.pt\/en\/wp-json\/wp\/v2\/product_brand?post=8730"},{"taxonomy":"product_cat","embeddable":true,"href":"https:\/\/gaspar.com.pt\/en\/wp-json\/wp\/v2\/product_cat?post=8730"},{"taxonomy":"product_tag","embeddable":true,"href":"https:\/\/gaspar.com.pt\/en\/wp-json\/wp\/v2\/product_tag?post=8730"}],"curies":[{"name":"wp","href":"https:\/\/api.w.org\/{rel}","templated":true}]}}

Balizas cilíndricas

<p>Balizas cilíndricas</p>
<p>Balizas cilíndricas com 20cm de diâmetro, com faixas reflectoras em tela H.I.P. 3M, com 60cm de altura.</p>
<p>&nbsp;</p>

<p>Balizas cilíndricas</p>
<p>Balizas cilíndricas com 20cm de diâmetro, com faixas reflectoras em tela H.I.P. 3M, com 60cm de altura.</p>

<!-- This site is optimized with the Yoast SEO plugin v27.5 - https://yoast.com/product/yoast-seo-wordpress/ -->
<title>Balizas cilíndricas - Gaspar</title>
<meta name="robots" content="index, follow, max-snippet:-1, max-image-preview:large, max-video-preview:-1" />
<link rel="canonical" href="https://gaspar.com.pt/en/produto/balizas-cilindricas/" />
<meta property="og:locale" content="en_US" />
<meta property="og:type" content="article" />
<meta property="og:title" content="Balizas cilíndricas - Gaspar" />
<meta property="og:description" content="Balizas cilíndricas  Balizas cilíndricas com 20cm de diâmetro, com faixas reflectoras em tela H.I.P. 3M, com 60cm de altura." />
<meta property="og:url" content="https://gaspar.com.pt/en/produto/balizas-cilindricas/" />
<meta property="og:site_name" content="Gaspar" />
<meta property="article:modified_time" content="2024-03-26T17:13:40+00:00" />
<meta name="twitter:card" content="summary_large_image" />
<script type="application/ld+json" class="yoast-schema-graph">{"@context":"https:\/\/schema.org","@graph":[{"@type":"WebPage","@id":"https:\/\/gaspar.com.pt\/en\/produto\/balizas-cilindricas\/","url":"https:\/\/gaspar.com.pt\/en\/produto\/balizas-cilindricas\/","name":"Balizas cilíndricas - Gaspar","isPartOf":{"@id":"https:\/\/gaspar.com.pt\/en\/#website"},"primaryImageOfPage":{"@id":"https:\/\/gaspar.com.pt\/en\/produto\/balizas-cilindricas\/#primaryimage"},"image":{"@id":"https:\/\/gaspar.com.pt\/en\/produto\/balizas-cilindricas\/#primaryimage"},"thumbnailUrl":"https:\/\/gaspar.com.pt\/wp-content\/uploads\/2023\/11\/Balizas.jpg","datePublished":"2024-03-26T16:49:04+00:00","dateModified":"2024-03-26T17:13:40+00:00","breadcrumb":{"@id":"https:\/\/gaspar.com.pt\/en\/produto\/balizas-cilindricas\/#breadcrumb"},"inLanguage":"en-US","potentialAction":[{"@type":"ReadAction","target":["https:\/\/gaspar.com.pt\/en\/produto\/balizas-cilindricas\/"]}]},{"@type":"ImageObject","inLanguage":"en-US","@id":"https:\/\/gaspar.com.pt\/en\/produto\/balizas-cilindricas\/#primaryimage","url":"https:\/\/gaspar.com.pt\/wp-content\/uploads\/2023\/11\/Balizas.jpg","contentUrl":"https:\/\/gaspar.com.pt\/wp-content\/uploads\/2023\/11\/Balizas.jpg","width":280,"height":290},{"@type":"BreadcrumbList","@id":"https:\/\/gaspar.com.pt\/en\/produto\/balizas-cilindricas\/#breadcrumb","itemListElement":[{"@type":"ListItem","position":1,"name":"Início","item":"https:\/\/gaspar.com.pt\/en\/"},{"@type":"ListItem","position":2,"name":"Shop","item":"https:\/\/gaspar.com.pt\/shop\/"},{"@type":"ListItem","position":3,"name":"Balizas cilíndricas"}]},{"@type":"WebSite","@id":"https:\/\/gaspar.com.pt\/en\/#website","url":"https:\/\/gaspar.com.pt\/en\/","name":"Gaspar","description":"Cities moving forward","potentialAction":[{"@type":"SearchAction","target":{"@type":"EntryPoint","urlTemplate":"https:\/\/gaspar.com.pt\/en\/?s={search_term_string}"},"query-input":{"@type":"PropertyValueSpecification","valueRequired":true,"valueName":"search_term_string"}}],"inLanguage":"en-US"}]}</script>
<!-- / Yoast SEO plugin. -->

Balizas cilíndricas - Gaspar

Balizas cilíndricas  Balizas cilíndricas com 20cm de diâmetro, com faixas reflectoras em tela H.I.P. 3M, com 60cm de altura.

Início
